he value of 3 + (8 - 3) - (118 + -110)?
0
What is 97 + (-16 - 1 - ((-3 - -21 - 32) + 4))?
90
4 + -3 - (0 - -1) - (131 + (21 - 93))
-59
What is the value of 43 + (13 - -28) + -38 + -3?
43
581 + -572 + (-41 - (3 - 1))
-34
Calculate 5 - (54 + -43 + 17).
-23
What is 40 - (30 + 38 - -17)?
-45
Evaluate -1 + 0 + 24 - (33 + 58 - 100).
32
Evaluate 7186 + -7131 + (-2 + -9 - -1).
45
What is 20 - (-17 + 12 - -29) - (1 - (-63 + 2))?
-66
11 - (-23 + 21 + 22) - (0 - 24)
15
Evaluate -25 - (-27 + 4 + 51 + -27).
-26
Evaluate -7 + 4 - (-2 + -10) - -28 - (-10 - 0).
47
Evaluate (39 - 53) + (24 - (9 - 4)).
5
What is 23 - ((-21 - -58 - 14) + -23)?
23
Calculate -157 + 3 - (51 + (118 - 203)).
-120
Calculate (59 - (40 + 28)) + 12.
3
Evaluate 26 + (10 - -1) + (-34 - -11) + 16.
30
Calculate -2 + 23 - (9 + 4 + 22).
-14
Calculate 33 - (1105 + -929 + -2 + -11).
-130
Evaluate -2 - 11 - (-13 - 3) - (5 - 21).
19
What is the value of 1 + (0 - 7) + 77 + (-46 - (-44 - -88))?
-19
What is 13 + -1 + (-8 - -1 - (265 - 269))?
9
What is the value of 144 + 75 + -113 - 77?
29
What is the value of -4 + 22 - (7 - (-42 + 49))?
18
What is 1 + -7 + -2 + 6 + (-18 - -31 - 14)?
-3
What is the value of (-44 - 7 - (-58 + 14)) + 45?
38
Calculate 1 + 10 + 75 + -62 + -61.
-37
What is 63 + 34 + -42 - 41?
14
2 + -19 + 59 + -9 + 40
73
What is the value of 120 - (-1 - -118 - 57)?
60
What is the value of 4 + (1 - (0 - -2) - -39) + (-9 - 1)?
32
Evaluate 31 - (-90 + (-30 - -95)).
56
Evaluate -2 + 6 + -1 - (229 - 199 - -4).
-31
(-11 + 39 - 23) + -25 + (13 - 0)
-7
Calculate 2 - 2 - (4 - -3) - (0 + 34 + -34).
-7
Calculate 7 + (69 - (22 + 28)).
26
What is -7 + -10 + (29 - 20) + (66 - 0)?
58
What is the value of -180 + 9 - (-1610 - -1533)?
-94
(-6 - 0 - -1) + (-2 - -71) + (-485 - -458)
37
Evaluate -6 - (0 + -2) - ((-117 - -49) + 13).
51
Evaluate 54 + 1 - ((10 - 0) + (70 - 69)).
44
Calculate 29 + -1 + (1 + 125 - 203).
-49
Calculate (34 + -62 - -28) + (1 - 45).
-44
What is the value of (-44 - (-16 - 31)) + -20?
-17
Calculate (162 - 146) + (2 - (50 - -6)).
-38
Evaluate -13 - -8 - 2 - 12 - (-54 + 121).
-86
What is the value of -31 - (8 - 41) - -24?
26
What is 39 + (0 - (4 - -5 - 4)) + -693 + 689?
30
What is (227 + -234 + 9 + 1 - -3) + (-11 - 2)?
-7
27 + (1 + -8 - 44)
-24
Calculate (-2 - 10) + 6 + -41.
-47
8 + 47 + (-53 - -31)
33
Calculate 63 + (3 - -20) + -40.
46
What is 6 + -1 - 11 - (-10 - (13 + -44) - 0)?
-27
What is 0 + -3 - (13 + 1 + -3 + (3 - -11))?
-28
5 - ((-3 + 11 + -4 - (-6 + 2)) + -69)
66
(-16 - (-16 + -4)) + 9 + (40 - -11)
64
Calculate 49 - (-22 - (-48 + 22 + -10)).
35
What is 0 + -8 - (472 + -475) - -10?
5
What is the value of (152 + 28 - 187) + (81 - 0) + 1?
75
What is the value of -14 + (32 - -39) + 14 + -36?
35
Calculate 13 - (-160 + 166 - (1 + -7)).
1
Evaluate 114 - 162 - (10 + -12 + -21).
-25
Calculate -2 - -2 - (34 + (-149 - (18 + -19))).
114
Calculate (135 - -144) + -151 - 115.
13
What is the value of (2 - 160) + (4717 - 4712)?
-153
Evaluate (-17 - (37 + -60) - (0 + -2 + 13)) + 38.
33
What is the value of -48 + 0 + (-3 - 21 - -26)?
-46
26 + (7 - (-21 + 11)) + -17
26
What is the value of -50 - ((20 - 31) + -2)?
-37
Evaluate -47 + (11 + 30 - (58 - -10)).
-74
What is the value of 20 - (66 + -2 + -47)?
3
Evaluate (-21 - -11) + 14 + 11 + (12 - (-11 + -1)).
39
Evaluate 3 + (-65 - -12) + 28.
-22
Evaluate (-273 - -253) + (1 + -2 - 3) + 9.
-15
What is (38 - 1) + 1444 + -1464?
17
43 + (5 - 57) - -14
5
(-1 + 3 - -5) + (-72 - -74 - 10) + -114
-115
What is the value of 42 - (-140 - (-32 + -101))?
49
Evaluate 16 + (19 - 20) - (-3 + -5 - -56).
-33
-41 - ((34 - -27) + -56)
-46
What is 18 - (-15 + 118 + -148)?
63
Calculate 93 + -7 - (-3 + 2 + 17) - -7.
77
What is 0 + 14 - (-7329 - -7308)?
35
Evaluate -24 + (-11 - -4) - -29 - -14.
12
Evaluate -11 - (-17 + -9 + 23 + -9 + -3 + 6).
-2
Evaluate (3 - 7) + (-2093 - -2165).
68
-6 + -76 - -67 - 20
-35
What is 97 + 2 - (-1233 + 1282)?
50
Calculate 0 + 3 + 22 - -13 - (-5 + 10).
33
(4 - 6) + 4 - (11 + (-4 - -3))
-8
What is 2 - -9 - 4 - -4 - (202 + -146)?
-45
What is the value of -784 + 749 - (-49 - -5)?
9
Calculate (0 + 1 - 10) + (18 + (0 - -3) - 18).
-6
Evaluate 13 - 7 - (-1 + 24 - (13 - 6)).
-10
Calculate -12 + (-13 - -36 - (1 + 43)).
-33
Evaluate -26 + (-417 - -416) + -1 + 28.
0
(30 - 1) + (40 + -38 - 12)
19
What is the value of -5 - (-29 + 34 + -51)?
41
10 - -2 - (54 + -33 - 25)
16
What is the value of 25 - (12 + 30 + -94)?
77
Evaluate 0 + 22 + (26 + -15 - 29) + 3 + 17.
24
Evaluate -21 - ((-21 - -4) + -13) - 13.
-4
Evaluate 33 + (-2 - 6) + -3 - 16 - (1 - -37).
-32
Evaluate (36 + -12 + -3 - -6) + -28.
-1
Calculate -1 + -8 + 9 + -6 - 0 - 2.
-8
(28 + -64 - -32) + 0 + -3 + -2 - 43
-52
Evaluate 37 + -94 - (20 + -20 + 6).
-63
-1 + 4 - ((118 - 68) + -110)
63
What is the value of -1 - 0 - (4 - 4) - ((-9 - -22) + -24)?
10
What is the value of (369 - 383) + (2 - 0) + -4 - -80?
64
Calculate -17 + -69 + 45 + 5 + -3 - 4.
-43
What is 14 + -4 - -72 - (-8 - ((10 - 41) + 9))?
68
What is the value of (67 - -2) + 5 + 0 - (261 + -246)?
59
What is -54 - (28 + (-102 - -33))?
-13
What is -118 + -96 + 216 + -12?
-10
Calculate (14 + (1 - 34) - -42) + -86.
-63
What is -2 - (-31 - -12) - (-23 - -10)?
30
Calculate -28 - (70 + -61 - 93).
56
What is the value of 52 + (38 - 33) + 22 + 2 + -3?
78
(212 - 96) + 43 - 131
28
Evaluate 12 + (117 - 106) - (-14 - 1).
38
Calculate 10 + 3 - (-84 - 2 - (-9 + 5 - 13)).
82
Evaluate 3 + -116 - (-9084 - -9106).
-135
Calculate (3 - -2) + -2 - (13 + 7 - -86 - -26).
-129
What is (2 - 1) + (-46 - (-5 + -7) - (1 - -11))?
-45
1 + 8 + -10082 + 10125
52
Calculate 37 + (-52 - (14 + -59)).
30
What is -2 - (-40 + -6) - 31?
13
Evaluate -77 - -5 - ((-31 - (-38 + 41)) + 18).
-56
What is the value of 36 - (4 + -13 - 2 - (1 - (38 + -27)))?
37
What is the value of 100 + 237 + -338 + 0 + 23?
22
0 - -1 - -50 - (-33 - (-54 + 22))
52
What is 5 - -6 - (-97 + 159 - (-13 + -1))?
-65
What is (-58 + 83 - 58) + -1?
-34
-2 - ((2 - 2) + -6) - -4 - (-14 - -14)
8
-10 + 0 + (2 - -5) + (6 - (16 + 43))
-56
What is the value of -10 + 20 + 7 + -57 + -8 + 2 + 6?
-40
Evaluate -124 + 164 + -3 + 1 + -140.
-102
What is 142 - (99 + -43) - 91?
-5
Evaluate -85 - 2 - (-642 - -586).
-31
Calculate (1 - (-21 - -9 - (-14 + -12))) + -3.
-16
Evaluate (86 + -1 - (-3 - -14)) + -13.
61
-7 + (27 - (12 + 7) - 46)
-45
Evaluate 60 + -5 + -696 + 676.
35
Evaluate 36 - 3 - (4 + 1 + 3 - (5 - -1)).
31
-37 + -4 - (-59 - (-6 + -45))
-33
(0 + -1 - -9) + (34 - 5 - -20)
57
What is (-6 - 15 - -5) + -48 - 10?
-74
Evaluate 1 - (29 + (-46 + 51 - (1 + 2) - 4)).
-26
Evaluate 31 + (-5 - (10 - 8) - 9 - -4).
19
Evaluate -29 + 49 - 11 - (-72 + 70).
11
What is 128 + (-4 - 30) + -55?
39
What is (-6 - (5 + 6 + -7)) + (70 - 116)?
-56
What is the value of -30 + 0 - (-507 - -515) - -29?
-9
Calculate (-76 - (-47 - 6)) + 38.
15
-17488 + 17484 + 0 + -91
-95
Calculate -62 + 2 + 5687 + -5673 + -14 + 0 + 0.
-60
Calculate (-10 - -5) + 31 + 27 - -6.
59
What is -3 + 4 + 3 + -6 - (214 - 224)?
8
What is -11 + -11 + 12 + 6 + 77 - (3 + 8)?
62
Calculate 24 + 33 + -121 - (-2 + 1 + 1 + 0).
-64
What is -17 + 3 + 14 - 17 - -7?
-10
Evaluate -396 - -385 - (0 - ((-4 - 2) + 2)).
-15
What is (1 - 20) + (22 - (3 - -12)) + 5?
-7
Evaluate -56 + 5 + -2 + -14.
-67
What is the value of 45 + -43 + 22 - 69?
-45
Evaluate -26 + 12 - 7 - (103 + -94).
-30
What is the value of 9 - (-7 + (3 - (3 + -1) - (68 + -113)))?
-30
What is -1 + -1 + -6 + (47 + -71 - -74) + -60?
-18
What is the value of 51 + -39 - (-1 + (-2 - 19) + (158 - 154))?
30
What is the value of -27 + (-67 - -164) + -51?
19
Evaluate -137 - -60 - (-5 + -58).
-14
Calculate 2 + 1 + (-310 - -262).
-45
What is -80 + -65 + -29 + 110?
-64
69 - (-72 + 64 - ((-14 - 9) + (-1 - -1)))
54
-61 - (-33 + -68 + -18)
58
What is 40 + (36 + -75 + -7 - -34)?
28
What is the value of 39 - (30 + (-100 - -61))?
48
2 + (0 - -1) - (56 + 3 - (476 + -348))
72
Evaluate (-2 - -17 - 2) + -33 + -7 + 58.
31
What is (-122 + 113 - 86) + 38 + -1?
-58
What is the value of (-54 - 1) + (651 - 627)?
-31
Evaluate -1 - 16 - (407 + -424) - 17.
-17
-7 + (11 - -5) - 9 - 13
-13
Calculate 18 + (-38 - 6) + 14 + -28.
-40
What is 29 + (-3 - (1 + -2)) + -2 + -4?
21
Calculate (-34 - -72) + -23 + -10 - -53.
58
Evaluate (-3 - (-109 - (4 + -2))) + (-9 - (-71 + 59)).
111
Ev